
True
Is 3033481739 a prime number?
True
Is 469025237 prime?
True
Is 23523633179 a composite number?
True
Is 1080529643 a composite number?
True
Is 140885923 a prime number?
False
Is 4350061483 a prime number?
True
Is 1438548719 a composite number?
True
Is 6307201 a prime number?
False
Is 27117132809 a prime number?
False
Is 300125889727 composite?
False
Is 20099496101 composite?
False
Is 57555577003 a prime number?
False
Is 11865764003 a composite number?
True
Is 8008675039 a composite number?
True
Is 43866331087 a composite number?
False
Is 42993581717 a composite number?
True
Is 266856019 composite?
False
Is 3513717421 prime?
False
Is 2551945073 composite?
True
Is 2839453282 composite?
True
Is 6947758703 a prime number?
True
Is 223114769 composite?
True
Is 112715711 a prime number?
False
Is 62992451 composite?
False
Is 36464221 prime?
True
Is 5161702841 a prime number?
True
Is 250236354866 a composite number?
True
Is 111902099 a composite number?
False
Is 1563319871 a composite number?
True
Is 18216421778 a prime number?
False
Is 932865389 a prime number?
True
Is 405569891 a prime number?
False
Is 271344743 a composite number?
True
Is 14341808053 prime?
True
Is 5811550571 prime?
False
Is 134404351 prime?
False
Is 4417880659 a composite number?
False
Is 4692971191 a prime number?
True
Is 521008726145 composite?
True
Is 1679251831 a composite number?
False
Is 4625616799 composite?
True
Is 82443573299 a prime number?
False
Is 1482867839 a composite number?
False
Is 884759497 composite?
False
Is 37195660573 composite?
False
Is 740405027 prime?
True
Is 6611493923 a composite number?
False
Is 438968641 a composite number?
False
Is 516700937 a prime number?
False
Is 141704113 prime?
True
Is 22550343663 composite?
True
Is 3504473731 a prime number?
False
Is 87067153 a prime number?
True
Is 505218743 a prime number?
False
Is 5153353 prime?
True
Is 1133215799 composite?
False
Is 155025593 a prime number?
False
Is 23411534731 a prime number?
False
Is 888036467 prime?
True
Is 6127865767 prime?
True
Is 1521461449 a composite number?
True
Is 3235463311 a prime number?
True
Is 15626736893 composite?
True
Is 13197867467 a composite number?
True
Is 113500903283 a composite number?
True
Is 507741881 prime?
True
Is 136882159 a prime number?
False
Is 103637618081 a prime number?
True
Is 5983689707 composite?
False
Is 19998717173 a prime number?
False
Is 58888556131 a composite number?
True
Is 46995472079 prime?
True
Is 63064403 a composite number?
False
Is 2157233251 a prime number?
False
Is 388834559 a prime number?
False
Is 45502617131 a prime number?
False
Is 7121748281 a composite number?
False
Is 41184924451 a prime number?
False
Is 8460438347 a prime number?
True
Is 32621251277 composite?
False
Is 1704619639 a prime number?
False
Is 20841858601 a composite number?
False
Is 18402688721 prime?
False
Is 10035253 a composite number?
True
Is 12516305303 composite?
False
Is 3619559591 a composite number?
True
Is 11088438031 composite?
True
Is 4432002481 composite?
True
Is 2519218147 a composite number?
False
Is 48750808765 a prime number?
False
Is 7250276905 prime?
False
Is 88315279867 a composite number?
False
Is 158338376333 a composite number?
True
Is 2593325393 a composite number?
False
Is 260273557 prime?
False
Is 42753039587 a prime number?
True
Is 162308329 prime?
True
Is 306868147 prime?
True
Is 1240201811 prime?
True
Is 241983109 prime?
True
Is 39009989 a prime number?
True
Is 196755860783 prime?
True
Is 14338514831 prime?
True
Is 635271239 a prime number?
False
Is 1580694431 composite?
False
Is 1975028269 a composite number?
False
Is 15773419117 a prime number?
True
Is 10519923019 composite?
True
Is 6897576031 a prime number?
False
Is 19433470949 a composite number?
True
Is 707295913 a prime number?
True
Is 320300699 a prime number?
True
Is 2907474953 prime?
False
Is 7847763481 a prime number?
True
Is 78094520431 composite?
True
Is 52588503703 a composite number?
False
Is 1008076227 a prime number?
False
Is 1408019521 prime?
True
Is 2595806033 prime?
False
Is 1303711027 prime?
True
Is 109139717669 a composite number?
False
Is 2026203007 prime?
True
Is 6545856781 a prime number?
False
Is 3253636922 a prime number?
False
Is 597468979 prime?
True
Is 9441529937 composite?
True
Is 1122442703 composite?
False
Is 9814358823 prime?
False
Is 3858885357 composite?
True
Is 8644409287 prime?
True
Is 93675948517 a prime number?
False
Is 108765463 a composite number?
False
Is 13516737263 composite?
False
Is 85478785141 a composite number?
True
Is 217894242311 a composite number?
False
Is 1745838881 composite?
True
Is 1290190331 prime?
True
Is 4938588079 prime?
False
Is 926332579 composite?
False
Is 2084765129 composite?
True
Is 18480990679 a prime number?
False
Is 401532241 composite?
True
Is 41919349711 composite?
False
Is 1853546351 a composite number?
True
Is 273539407 a prime number?
True
Is 5097320993 composite?
False
Is 1519603339 composite?
False
Is 191428797871 a prime number?
False
Is 5831245903 a prime number?
False
Is 15207719447 composite?
True
Is 728595583 a prime number?
True
Is 79923709 a prime number?
False
Is 9617829239 composite?
False
Is 4706000785 a prime number?
False
Is 963417617 a composite number?
False
Is 814947407 a prime number?
False
Is 413519839 prime?
True
Is 10351207643 a prime number?
False
Is 49719247447 a prime number?
False
Is 9466649957 a prime number?
False
Is 22427383067 a composite number?
False
Is 85142977789 a composite number?
False
Is 18419733319 a prime number?
False
Is 468993251 a composite number?
True
Is 139206881 a composite number?
True
Is 32217508943 a composite number?
True
Is 4668759467 a composite number?
False
Is 21647511103 a composite number?
True
Is 56041549 a prime number?
True
Is 142952892893 prime?
True
Is 1782391069 a prime number?
False
Is 8339916517 composite?
True
Is 1252631293 prime?
True
Is 440647214531 a composite number?
False
Is 44414681503 a composite number?
True
Is 7566555365 a composite number?
True
Is 276921473 prime?
True
Is 974068891 a composite number?
False
Is 339538783 composite?
True
Is 643622543 composite?
False
Is 10025564503 composite?
False
Is 888320707 prime?
True
Is 8246042797 prime?
False
Is 3001548581 prime?
True
Is 18286503491 prime?
True
Is 450271127 a composite number?
True
Is 147955503 composite?
True
Is 4594768393 composite?
False
Is 680848631 composite?
True
Is 346088747 prime?
True
Is 14004256029 a prime number?
False
Is 8511173501 composite?
False
Is 19223884577 a prime number?
True
Is 7624959893 a prime number?
True
Is 897169787 a prime number?
True
Is 10642210853 a prime number?
False
Is 84744607 composite?
True
Is 61000120523 a composite number?
False
Is 15922023791 a composite number?
False
Is 491971699 prime?
False
Is 35002204873 prime?
False
Is 1883981447 prime?
False
Is 1505654263 a composite number?
True
Is 4844396761 a prime number?
True
Is 6195401119 a composite number?
True
Is 24648253307 a composite number?
False
Is 6588834353 composite?
False
Is 1022240969 a composite number?
True
Is 5195014079 a prime number?
False
Is 390134939 a prime number?
True
Is 1367580737 composite?
False
Is 2302568297 composite?
True
Is 1225423447 a prime number?
False
Is 137338049 composite?
False
Is 260517241 composite?
True
Is 2960125759 prime?
True
Is 152652191363 prime?
False
Is 697932159 prime?
False
Is 11382253163 composite?
False
Is 4043117843 composite?
False
Is 4721029307 a composite number?
False
Is 683374799 composite?
False
Is 392950549 composite?
False
Is 7139949395 a prime number?
False
Is 7283125606 prime?
False
Is 4629617231 composite?
True
Is 1348893079 a prime number?
False
Is 50411114953 prime?
True
Is 63377863127 composite?
True
Is 530754995 prime?
False
Is 1314219061 composite?
False
Is 108901687 composite?
False
Is 4439400974 a composite number?
True
Is 41082805877 composite?
False
Is 25054080047 composite?
True
Is 4646910511 a prime number?
True
Is 38769489787 prime?
False
Is 16365014251 composite?
True
Is 3514670531 a prime number?
True
Is 2632234621 prime?
False
Is 1098021431 a prime number?
False
Is 6496217603 a composite number?
False
Is 14469629297 composite?
True
Is 2744543381 prime?
True
Is 4448989933 a prime number?
False
Is 2272676971 prime?
Fa